{"id":932,"date":"2023-05-31T11:31:39","date_gmt":"2023-05-31T11:31:39","guid":{"rendered":"https:\/\/vihertaimisto.fi\/?page_id=932"},"modified":"2024-08-08T14:55:00","modified_gmt":"2024-08-08T14:55:00","slug":"kasvuunlahtotakuu-2","status":"publish","type":"page","link":"https:\/\/vihertaimisto.fi\/index.php\/kasvuunlahtotakuu-2\/","title":{"rendered":"Kasvuunl\u00e4ht\u00f6takuu"},"content":{"rendered":"<p>[et_pb_section fb_built=&#8221;1&#8243; _builder_version=&#8221;4.11.2&#8243; _module_preset=&#8221;default&#8221; background_color=&#8221;#F3F2F5&#8243; custom_padding=&#8221;3vw||3vw||false|false&#8221; global_colors_info=&#8221;{}&#8221;][et_pb_row column_structure=&#8221;3_5,2_5&#8243; _builder_version=&#8221;4.14.7&#8243; _module_preset=&#8221;default&#8221; custom_margin=&#8221;||7px||false|false&#8221; custom_padding=&#8221;0px||0vw||false|false&#8221; global_colors_info=&#8221;{}&#8221;][et_pb_column type=&#8221;3_5&#8243; _builder_version=&#8221;4.11.2&#8243; _module_preset=&#8221;default&#8221; global_colors_info=&#8221;{}&#8221;][et_pb_text _builder_version=&#8221;4.14.7&#8243; _module_preset=&#8221;default&#8221; text_font=&#8221;Poppins||||||||&#8221; text_letter_spacing=&#8221;1px&#8221; text_line_height=&#8221;1.5em&#8221; header_font=&#8221;Poppins|||on|||||&#8221; header_text_color=&#8221;#868751&#8243; header_font_size=&#8221;24px&#8221; header_letter_spacing=&#8221;3px&#8221; header_2_font=&#8221;Poppins|||on|||||&#8221; header_2_text_color=&#8221;#868751&#8243; header_2_font_size=&#8221;20px&#8221; header_2_letter_spacing=&#8221;3px&#8221; header_3_font=&#8221;Poppins||||||||&#8221; header_3_text_color=&#8221;#868751&#8243; header_3_letter_spacing=&#8221;3px&#8221; custom_margin=&#8221;||0px||false|false&#8221; global_colors_info=&#8221;{}&#8221;]<\/p>\n<h1>Takuu kasveille<\/h1>\n<p>&nbsp;<\/p>\n<p>Meille on eritt\u00e4in t\u00e4rke\u00e4\u00e4 myymiemme kasvien laatu. Emme myy kuivuudesta k\u00e4rsivi\u00e4, sairaita tai muutoin huonokuntoisia kasveja. Tarkastamme kaikki myynniss\u00e4 olevat kasvit niiden saapuessa meille sek\u00e4 v\u00e4hint\u00e4\u00e4n kahden viikon v\u00e4lein. Takaamme, ett\u00e4 meilt\u00e4 ostamasi kasvit ovat laadultaan hyvi\u00e4.<\/p>\n<p>Kasvuunl\u00e4ht\u00f6takuu koskee monivuotisia puutarhakasveja; siis puita, pensaita ja perennoja. Kasvuunl\u00e4ht\u00f6takuu ei koske kausikasveja, muita yksivuotisia kasveja tai sis\u00e4kasveja.<\/p>\n<p>Kev\u00e4\u00e4ll\u00e4 ostetut kasvit voivat olla viel\u00e4 ostovaiheessa lepotilassa, jolloin niiden kasvuunl\u00e4hd\u00f6st\u00e4 ei ole viel\u00e4 varmuutta. Takaamme kasvien kasvuunl\u00e4hd\u00f6n ja korvaamme kasvin ostohinnan, jos kasvi ei ole l\u00e4htenyt kasvuun 15.6. menness\u00e4. Teeth\u00e4n siis mahdollisen reklamaation viimeist\u00e4\u00e4n tuona p\u00e4iv\u00e4n\u00e4.<\/p>\n<p>Talvenylitakuuta emme voi kasveille antaa.<\/p>\n<p>Muut reklamaatiot on teht\u00e4v\u00e4 v\u00e4litt\u00f6m\u00e4sti, kun mahdollinen ongelma huomataan. Tarkistathan, ett\u00e4 olet toiminut sivun alalaidassa olevan ohjeen mukaan.<\/p>\n<p>[\/et_pb_text][\/et_pb_column][et_pb_column type=&#8221;2_5&#8243; _builder_version=&#8221;4.11.2&#8243; _module_preset=&#8221;default&#8221; global_colors_info=&#8221;{}&#8221;][et_pb_image src=&#8221;https:\/\/vihertaimisto.fi\/wp-content\/uploads\/2023\/05\/kasvuunlahtotakuu.jpg&#8221; alt=&#8221;Kasvuunl\u00e4ht\u00f6takuu&#8221; title_text=&#8221;kasvuunlahtotakuu&#8221; _builder_version=&#8221;4.14.7&#8243; _module_preset=&#8221;default&#8221; width=&#8221;100%&#8221; custom_margin=&#8221;||0px||false|false&#8221; custom_padding=&#8221;0px|0px|0px|0px|true|true&#8221; global_colors_info=&#8221;{}&#8221;][\/et_pb_image][\/et_pb_column][\/et_pb_row][et_pb_row _builder_version=&#8221;4.14.7&#8243; _module_preset=&#8221;default&#8221; global_colors_info=&#8221;{}&#8221;][et_pb_column type=&#8221;4_4&#8243; _builder_version=&#8221;4.14.7&#8243; _module_preset=&#8221;default&#8221; global_colors_info=&#8221;{}&#8221;][et_pb_text _builder_version=&#8221;4.14.7&#8243; _module_preset=&#8221;default&#8221; text_font=&#8221;Poppins||||||||&#8221; text_text_color=&#8221;#737167&#8243; text_letter_spacing=&#8221;1px&#8221; text_line_height=&#8221;1.5em&#8221; header_font=&#8221;Poppins|||on|||||&#8221; header_text_color=&#8221;#868751&#8243; header_font_size=&#8221;26px&#8221; header_letter_spacing=&#8221;3px&#8221; header_3_font=&#8221;Poppins|||on|||||&#8221; header_3_text_color=&#8221;#868751&#8243; header_3_letter_spacing=&#8221;2px&#8221; custom_margin=&#8221;-25px||||false|false&#8221; hover_enabled=&#8221;0&#8243; global_colors_info=&#8221;{}&#8221; sticky_enabled=&#8221;0&#8243;]<\/p>\n<p>&nbsp;<\/p>\n<p>Emme korvaa kasvia, jos<\/p>\n<ul>\n<li>kuitti puuttuu<\/li>\n<li>kasvin nimilappu puuttuu<\/li>\n<li>kasvi on kaivettu maasta ennen ohjeitamme<\/li>\n<li>kasvi on kuljetettu meilt\u00e4 avonaisella per\u00e4k\u00e4rryll\u00e4 suojaamatta sit\u00e4 viimalta<\/li>\n<li>kasvi on p\u00e4\u00e4ssyt kuivumaan ennen tai j\u00e4lkeen istutuksen asiakkaan toimesta<\/li>\n<li>puumaista kasvia ei ole tuettu tukikepein<\/li>\n<li>kasvi on istutettu v\u00e4\u00e4r\u00e4nlaiseen paikkaan<\/li>\n<li>kasvi on istutettu menestymisvy\u00f6hykkeens\u00e4 ulkopuolelle<\/li>\n<li>kasvi on istutettu ruukkuun tai istutusaltaaseen<\/li>\n<li>kasvin huonovointisuus johtuu jostain muusta asiakkaan tekem\u00e4st\u00e4 hoitovirheest\u00e4<\/li>\n<li>el\u00e4imet ovat sy\u00f6neet tai muuten vahingoittaneet kasvia (my\u00f6s esim. koiran pissa)<\/li>\n<li>ankarat s\u00e4\u00e4olot ovat syyn\u00e4 kasvin huonovointisuuteen<\/li>\n<\/ul>\n<p>Emme vastaa mist\u00e4\u00e4n tilaukseen, toimitukseen tai tuotteeseen liittyv\u00e4st\u00e4 tai mist\u00e4\u00e4n edell\u00e4 mainitusta aiheutuneesta v\u00e4lillisest\u00e4 tai v\u00e4litt\u00f6m\u00e4st\u00e4 tai muusta vahingosta paitsi siihen asti kuin pakottava m\u00e4\u00e4r\u00e4ys kuluttajansuojalaissa tai muussa pakottavassa laissa on kyseisen vahingon osalta toisin m\u00e4\u00e4r\u00e4nnyt. Emme siis korvaa esim. matkakuluja.<\/p>\n<p>&nbsp;<\/p>\n<h3>Ohjeet kasvien istutukseen (jotta takuu s\u00e4ilyisi):<\/h3>\n<p>&nbsp;<\/p>\n<p>Vie kasvi kotiin niin, ett\u00e4 se ei k\u00e4rsi viimasta.<\/p>\n<p>Kasvia voi s\u00e4ilytt\u00e4\u00e4 ennen istutusta varjoisessa paikassa, kunhan kastelusta huolehditaan. Kasvin juuripaakku ei saa p\u00e4\u00e4st\u00e4 rutikuivaksi, mutta sit\u00e4 ei my\u00f6sk\u00e4\u00e4n saa laittaa vesialtaaseen lillumaan pitkiksi ajoiksi (yli tunniksi), ellei kyseess\u00e4 ole vesikasvi.<\/p>\n<p>Uppokastele kasvi ennen istutusta pesuvadissa tai \u00e4mp\u00e4riss\u00e4.<\/p>\n<p>Kaiva kasville kuoppa, jonka syvyys on v\u00e4hint\u00e4\u00e4n kaksinkertainen ruukun korkeuteen n\u00e4hden sek\u00e4 v\u00e4hint\u00e4\u00e4n kaksinkertainen leveydelt\u00e4\u00e4n.<\/p>\n<p>T\u00e4yt\u00e4 kuoppa kasville sopivalla mullalla tai kasvualustalla.<\/p>\n<p>Kasvualustan (multakerroksen) paksuus tulee olla v\u00e4hint\u00e4\u00e4n: perennat 0,4 m, matalat maanpeite- ja kivikkoperennat 0,2 m, pensaat ja k\u00f6ynn\u00f6kset 0,5 m, pikkupuut 0,6 m, isot puut 0,8 m.<\/p>\n<p>Poista kasvin ruukku. Jos kasvi on paakkutaimi, \u00e4l\u00e4 poista paakutuskangasta vaan avaa sit\u00e4 hieman, kun olet asettanut kasvin kuoppaan.<\/p>\n<p>\u00c4l\u00e4 istuta kasvia syv\u00e4lle vaan etsi kasvin juurenniska (paksumpi kohta rungossa ennen kuin juuristo alkaa) ja istuta siten, ett\u00e4 juurenniska j\u00e4\u00e4 multapinnan yl\u00e4puolelle. Usein juurenniska on oikeassa syvyydess\u00e4 myyntiruukussakin, mutta joskus sit\u00e4 joutuu hieman kaivelemaan multapinnan alta. Ota huomioon kasvualustan painuminen istutuskuopassa. Liian syv\u00e4\u00e4n istuttaminen tappaa usein puuvartisia kasveja.<\/p>\n<p>K\u00e4rh\u00f6t sek\u00e4 jaloruusut istutetaan n. 15 cm syvemm\u00e4lle kuin ne ruukussa ovat.<\/p>\n<p>Varmista, ett\u00e4 kasvin juuret eiv\u00e4t lillu vedess\u00e4, eli ettei sadevesi j\u00e4\u00e4 maan sis\u00e4\u00e4n. T\u00e4m\u00e4 saattaa tarkoittaa savipitoisilla mailla salaojituksen tekoa. Seisova vesi m\u00e4d\u00e4nnytt\u00e4\u00e4 kasvien juuret. T\u00e4t\u00e4 voi ehk\u00e4ist\u00e4 istuttamalla kasvi loivaan kumpuun.<\/p>\n<p>Laita puumaiselle kasville yksi \u2013 nelj\u00e4 tukitolppaa kasvin koosta riippuen ja tee tukisidokset mukaan litte\u00e4ll\u00e4 nauhalla, joka ei pureudu kasvin runkoon. Tukitolppia ei saa laittaa kasvin juuripaakun l\u00e4pi. Jos tukitolppia ei k\u00e4ytet\u00e4, kasvi ei v\u00e4ltt\u00e4m\u00e4tt\u00e4 juurru hyvin tai lainkaan ja saattaa kuolla. Tarkista mieluusti kaksi kertaa kasvukaudessa, etteiv\u00e4t sidokset ole liian tiukat.<\/p>\n<p>[\/et_pb_text][\/et_pb_column][\/et_pb_row][\/et_pb_section]<\/p>\n","protected":false},"excerpt":{"rendered":"<p>Takuu kasveille &nbsp; Meille on eritt\u00e4in t\u00e4rke\u00e4\u00e4 myymiemme kasvien laatu. Emme myy kuivuudesta k\u00e4rsivi\u00e4, sairaita tai muutoin huonokuntoisia kasveja. Tarkastamme kaikki myynniss\u00e4 olevat kasvit niiden saapuessa meille sek\u00e4 v\u00e4hint\u00e4\u00e4n kahden viikon v\u00e4lein. Takaamme, ett\u00e4 meilt\u00e4 ostamasi kasvit ovat laadultaan hyvi\u00e4. Kasvuunl\u00e4ht\u00f6takuu koskee monivuotisia puutarhakasveja; siis puita, pensaita ja perennoja. Kasvuunl\u00e4ht\u00f6takuu ei koske kausikasveja, muita yksivuotisia [&hellip;]<\/p>\n","protected":false},"author":1,"featured_media":0,"parent":0,"menu_order":0,"comment_status":"closed","ping_status":"closed","template":"","meta":{"_et_pb_use_builder":"on","_et_pb_old_content":"","_et_gb_content_width":"","footnotes":""},"class_list":["post-932","page","type-page","status-publish","hentry"],"_links":{"self":[{"href":"https:\/\/vihertaimisto.fi\/index.php\/wp-json\/wp\/v2\/pages\/932","targetHints":{"allow":["GET"]}}],"collection":[{"href":"https:\/\/vihertaimisto.fi\/index.php\/wp-json\/wp\/v2\/pages"}],"about":[{"href":"https:\/\/vihertaimisto.fi\/index.php\/wp-json\/wp\/v2\/types\/page"}],"author":[{"embeddable":true,"href":"https:\/\/vihertaimisto.fi\/index.php\/wp-json\/wp\/v2\/users\/1"}],"replies":[{"embeddable":true,"href":"https:\/\/vihertaimisto.fi\/index.php\/wp-json\/wp\/v2\/comments?post=932"}],"version-history":[{"count":7,"href":"https:\/\/vihertaimisto.fi\/index.php\/wp-json\/wp\/v2\/pages\/932\/revisions"}],"predecessor-version":[{"id":1204,"href":"https:\/\/vihertaimisto.fi\/index.php\/wp-json\/wp\/v2\/pages\/932\/revisions\/1204"}],"wp:attachment":[{"href":"https:\/\/vihertaimisto.fi\/index.php\/wp-json\/wp\/v2\/media?parent=932"}],"curies":[{"name":"wp","href":"https:\/\/api.w.org\/{rel}","templated":true}]}}